{"id":20,"date":"2013-04-01T13:43:03","date_gmt":"2013-04-01T11:43:03","guid":{"rendered":"http:\/\/fv-bakum.de\/?page_id=20"},"modified":"2024-07-18T18:06:07","modified_gmt":"2024-07-18T16:06:07","slug":"vereinsgewasser","status":"publish","type":"page","link":"https:\/\/fv-bakum.de\/?page_id=20","title":{"rendered":"Vereinsgew\u00e4sser"},"content":{"rendered":"<p>Der Fischereiverein der Gemeinde Bakum e.V. hat mehrere Gew\u00e4sser:<\/p>\n<p><strong>Teichgew\u00e4sser<\/strong>:<\/p>\n<ol>\n<li>L\u00fcscher Polder<br \/>\nNaturschutzgebiet im Ortsteil L\u00fcsche, ca 40 Hektar Wasserfl\u00e4che<\/li>\n<li>M\u00e4useturmsee<br \/>\n<span style=\"font-family: Arial,Helvetica\"><span style=\"\"><span> Ortsteil Harme, direkt an der Autobahn A1, ca 7,5 Hektar Wasserfl\u00e4che<\/span><\/span><\/span><\/li>\n<li>Vereinsteich Carum<br \/>\n<span style=\"font-family: Arial,Helvetica\"><span style=\"\"><span> Ortsteil Carum, ca 0,9 Hektar Wasserfl\u00e4che<\/span><\/span><\/span><\/li>\n<li>Vereinsteich Westerbakum<br \/>\n<span style=\"font-family: Arial,Helvetica\"><span style=\"\"><span> Ortsteil Westerbakum, ca 0,7 Hektar Wasserfl\u00e4che<\/span><\/span><\/span><\/li>\n<\/ol>\n<figure><img loading=\"lazy\" decoding=\"async\" src=\"https:\/\/fv-bakum.de\/wp-content\/uploads\/2024\/07\/fv-maeuseturmsee-4-2-1.jpg\" class=\"size-full wp-image-3209\" width=\"1600\" height=\"896\" srcset=\"https:\/\/fv-bakum.de\/wp-content\/uploads\/2024\/07\/fv-maeuseturmsee-4-2-1.jpg 1600w, https:\/\/fv-bakum.de\/wp-content\/uploads\/2024\/07\/fv-maeuseturmsee-4-2-1-300x168.jpg 300w, https:\/\/fv-bakum.de\/wp-content\/uploads\/2024\/07\/fv-maeuseturmsee-4-2-1-1024x573.jpg 1024w, https:\/\/fv-bakum.de\/wp-content\/uploads\/2024\/07\/fv-maeuseturmsee-4-2-1-768x430.jpg 768w, https:\/\/fv-bakum.de\/wp-content\/uploads\/2024\/07\/fv-maeuseturmsee-4-2-1-1536x860.jpg 1536w, https:\/\/fv-bakum.de\/wp-content\/uploads\/2024\/07\/fv-maeuseturmsee-4-2-1-624x349.jpg 624w\" sizes=\"auto, (max-width: 1600px) 100vw, 1600px\" \/><\/figure>\n<p>Blick auf den M\u00e4useturmsee in Harme<\/p>\n<p><span style=\"font-family: Arial,Helvetica\"><span style=\"\"><span><\/span><\/span><\/span><\/p>\n<p><strong>Fliessgew\u00e4sser<\/strong>:<\/p>\n<ol>\n<li><span style=\"font-family: Arial,Helvetica\"><span style=\"\"> Fladderkanal mit Zufl\u00fcssen<br \/>\nWassertiefe, 0,50-1,00 m , Fische: Barsch, Aal, Hecht, Karpfen, Pl\u00f6tze, Hasel, Gr\u00fcndlinge, Karausche<\/span><\/span><\/li>\n<li><span style=\"font-family: Arial,Helvetica\"><span style=\"\">Bakumer M\u00fchlenbach<br \/>\n<\/span><\/span><span style=\"font-family: Arial,Helvetica\"><span style=\"\"><span> Wassertiefe, 0,50-1,00 m , Fische: Barsch, Aal, Hecht, Karpfen, Pl\u00f6tze, Hasel, Gr\u00fcndling, Schleie, Forelle, Rotfeder, Karausche, Aalquappe, Brasse<\/span><\/span><\/span><\/li>\n<\/ol>\n<p>Ausserdem haben die Mitglieder unseres Vereins die M\u00f6glichkeit an folgenden Gew\u00e4ssern der Fischereivereinigung im Landkreis Vechta e. V. und der angeschlossenen Vereine zu angeln:<\/p>\n<p>stehende Gew\u00e4sser:<\/p>\n<ol>\n<li>Heidesee, Holdorf<\/li>\n<li>Dorfanger, Holdorf<\/li>\n<\/ol>\n<p>Flie\u00dfgew\u00e4sser:<\/p>\n<ol>\n<li>Dinklager M\u00fchlenbach und Zufl\u00fcsse<\/li>\n<li>Aue von S\u00fcdholte bis zur Einm\u00fcndung in den Dinklager M\u00fchlenbach Lager Hase bis Wangerpohl beiderseits<\/li>\n<li>B\u00fcnner-Wehdeler Grenzkanal mit Zufl\u00fcssen bis zur Gemeindegrenze Essen (Old.)<\/li>\n<li>Bakumer Bach mit Zufl\u00fcssen<\/li>\n<\/ol>\n","protected":false},"excerpt":{"rendered":"<p>Der Fischereiverein der Gemeinde Bakum e.V. hat mehrere Gew\u00e4sser: Teichgew\u00e4sser: L\u00fcscher Polder Naturschutzgebiet im Ortsteil L\u00fcsche, ca 40 Hektar Wasserfl\u00e4che M\u00e4useturmsee Ortsteil Harme, direkt an der Autobahn A1, ca 7,5 Hektar Wasserfl\u00e4che Vereinsteich Carum Ortsteil Carum, ca 0,9 Hektar Wasserfl\u00e4che Vereinsteich Westerbakum Ortsteil Westerbakum, ca 0,7 Hektar Wasserfl\u00e4che Blick auf den M\u00e4useturmsee in Harme Fliessgew\u00e4sser: [&hellip;]<\/p>\n","protected":false},"author":3,"featured_media":0,"parent":13,"menu_order":0,"comment_status":"closed","ping_status":"closed","template":"","meta":{"footnotes":""},"class_list":["post-20","page","type-page","status-publish","hentry"],"_links":{"self":[{"href":"https:\/\/fv-bakum.de\/index.php?rest_route=\/wp\/v2\/pages\/20","targetHints":{"allow":["GET"]}}],"collection":[{"href":"https:\/\/fv-bakum.de\/index.php?rest_route=\/wp\/v2\/pages"}],"about":[{"href":"https:\/\/fv-bakum.de\/index.php?rest_route=\/wp\/v2\/types\/page"}],"author":[{"embeddable":true,"href":"https:\/\/fv-bakum.de\/index.php?rest_route=\/wp\/v2\/users\/3"}],"replies":[{"embeddable":true,"href":"https:\/\/fv-bakum.de\/index.php?rest_route=%2Fwp%2Fv2%2Fcomments&post=20"}],"version-history":[{"count":4,"href":"https:\/\/fv-bakum.de\/index.php?rest_route=\/wp\/v2\/pages\/20\/revisions"}],"predecessor-version":[{"id":3210,"href":"https:\/\/fv-bakum.de\/index.php?rest_route=\/wp\/v2\/pages\/20\/revisions\/3210"}],"up":[{"embeddable":true,"href":"https:\/\/fv-bakum.de\/index.php?rest_route=\/wp\/v2\/pages\/13"}],"wp:attachment":[{"href":"https:\/\/fv-bakum.de\/index.php?rest_route=%2Fwp%2Fv2%2Fmedia&parent=20"}],"curies":[{"name":"wp","href":"https:\/\/api.w.org\/{rel}","templated":true}]}}